8/(-264)). Suppose 71*s + o = 72*s. Calculate the greatest common factor of p and s.
11
Suppose -23*r = -180*r + 11245 + 12619. Calculate the highest common factor of r and 22116.
76
Let f = 707 + -704. Suppose f*d - 15 = 2*v + 30, 0 = -4*v. Suppose 0 = -r + 3*w, 5*r - 3*r - 20 = 2*w. Calculate the greatest common factor of r and d.
15
Let j(c) = c**2 + 45*c + 82. Let s be j(-46). Suppose -7*u + 226 - s = 0. What is the greatest common divisor of u and 161?
7
Let r be (-435)/(-21) - 6/(-21). Let y = -164 + 231. Suppose 0 = -l + 2*s + y, 5*l + 5*s - 116 = 3*l. What is the greatest common factor of l and r?
21
Let t(h) = 2*h**2 - 70*h + 88. Let q be (-24)/(-84) - ((-500)/14 + 0). Let l be t(q). What is the greatest common divisor of l and 20?
20
Let g(c) = -c**2 + 9*c + 32. Let f be g(11). Let b be 2/(-6)*-12*87/2. Suppose 10 = -5*n, -3*j = -4*n - 164 - b. What is the greatest common divisor of j and f?
10
Let x be 16/(-22) + (-6548121)/(-2673). Calculate the greatest common divisor of 711 and x.
79
Let j = -10290 - -10306. Let v = 645 + -277. What is the greatest common divisor of v and j?
16
Let g(u) = -30847*u - 308355. Let y be g(-10). Let m = 8 - -7. Calculate the greatest common factor of m and y.
5
Let a(p) = -5*p**2 - 40*p - 45. Let w be a(-12). Let f be (w/45 - -6) + (-218)/(-6). Calculate the greatest common factor of f and 306.
18
Suppose -d + f - 154 = 0, d + 5*f = 5*d + 611. Let y = -89 - d. What is the greatest common factor of y and 30?
10
Let k(l) = 8*l**2 + 29*l - 9. Let h be k(3). What is the highest common divisor of 5325 and h?
75
Suppose -3 = 2*i - 1. Let c(y) be the third derivative of -19*y**4/6 + 2*y**3/3 + 415*y**2. Let w be c(i). What is the greatest common divisor of w and 16?
16
Suppose 79*g - 314*g + 16084 = -14701. What is the greatest common divisor of g and 35501?
131
Let p = 81 - -18. Suppose 821 = -121*x + 849 + 3965. Calculate the greatest common divisor of p and x.
33
Suppose -448*h - 5*w = -453*h + 185, 0 = -5*w + 35. Calculate the highest common divisor of 4 and h.
4
Let a(u) = u**3 - 11*u**2 + 14*u + 2. Let c be a(6). Let g = c - -113. Let n be 0 + 91 - (-7 + 3). Calculate the highest common divisor of n and g.
19
Let r = 3 + 7. Let j = -20 + 53. Suppose -37 = -2*z + j. Calculate the highest common divisor of z and r.
5
Suppose 0*y = -2*y + 6. Suppose 0 = y*i - 0*i + 432. Let z be (((-624)/18)/(-8))/((-2)/i). What is the greatest common divisor of 39 and z?
39
Let c be ((-4122)/12)/((-686)/84 - -8). Calculate the highest common divisor of 916 and c.
229
Suppose -192603 = -102*k + 9*k. Calculate the highest common divisor of k and 1417.
109
Let y = -8 + 11. Let s be 63/4 + 6/24. Let p be 0 + s + 3 + y. Calculate the highest common divisor of 33 and p.
11
Suppose -4*v = -4, 5*r + 998 - 6372 = v. What is the highest common factor of 2365 and r?
215
Suppose -83*t - 6336 = -99*t. Calculate the highest common divisor of 2112 and t.
132
Let x = 16116 + -11809. What is the highest common divisor of x and 236?
59
Let w(h) = -h**3 - 30*h**2 - 16*h - 192. Suppose -88*k = -103*k - 450. Let r be w(k). What is the highest common factor of 128 and r?
32
Let v = -16013 - -16168. What is the highest common divisor of 4805 and v?
155
Let b = -94452 + 94468. Suppose -6*d = -3*d - 1584. Calculate the greatest common divisor of d and b.
16
Suppose 0 = 8*h - 1024 + 984. Suppose 215 = b + h*q, -9 = 5*b + 4*q - 1084. What is the greatest common factor of 129 and b?
43
Let f = -277 + 282. Let m be (f - 10)/((-2)/10). Calculate the greatest common divisor of 20 and m.
5
Let u be (-84)/(-147) - (-4448)/56. What is the greatest common divisor of 2660 and u?
20
Let a = 6589 - -3923. Calculate the greatest common divisor of a and 27.
9
Suppose -481*o + 109904 = 2602 - 65858. Suppose 4*f = 2*k + 82, -k - 4*k + 55 = 3*f. Calculate the highest common factor of f and o.
20
Let o be ((1 - 4/8) + 0)*10. Let g = -2 - -37. Suppose -175 = 30*w - g*w. Calculate the highest common factor of w and o.
5
Let x(u) = 2*u**3 + 105*u**2 - 557*u + 28. Let c be x(-57). Calculate the highest common divisor of 20 and c.
4
Suppose 65 = 5*h - 60. Let p = -196 + 211. Calculate the greatest common divisor of p and h.
5
Let h(s) = 32*s - 58. Let i be h(2). What is the highest common factor of i and 354?
6
Let k = 10741 - 10675. Calculate the highest common divisor of k and 1606.
22
Let x(t) = -t**3 - 83*t**2 - 242*t + 38. Let m be x(-80). What is the greatest common divisor of m and 110?
22
Let r(h) = 13*h**2 + 25*h - 14. Let p be r(5). Suppose -48 - p = -22*n. What is the highest common factor of n and 341?
11
Let p = 5261 + -4939. What is the highest common factor of 782 and p?
46
Suppose 4*u - 141 = -3*b, -18 = -3*b + u + 123. What is the greatest common divisor of b and 1739?
47
Suppose 0 = -67*y + 60*y + 308. Suppose 222 = 5*b + 8*q - 4*q, -q + y = b. Calculate the highest common factor of 322 and b.
46
Suppose -a = 10 - 404. Suppose a*y = 389*y + 450. What is the greatest common factor of y and 135?
45
Let u = 35 + -55. Let b be (-8)/((u/(-25))/(-4)). Suppose 3*f + 5*f - b = 0. Calculate the highest common divisor of 5 and f.
5
Let z = -46673 - -48780. What is the greatest common factor of 343 and z?
49
Suppose -2*r + 5448 = 2*h, -3*h - 25*r + 21*r = -8170. Calculate the highest common factor of 282 and h.
94
Suppose 0 = -3*s - 5*o + 48, -s - 275*o + 46 = -270*o. What is the highest common factor of 2129 and s?
1
Let c = -202 - -340. Suppose -115*d = -609 - 81. Calculate the greatest common factor of d and c.
6
Let x(r) = -118*r + 1558. Let b be x(13). Let s be 3/3 - (3 - 10). What is the highest common divisor of b and s?
8
Let t(o) = -o**2 + 66*o - 1. Let x be t(53). Let z = x + -338. What is the highest common factor of z and 35?
35
Let i = 5863 + -5669. What is the highest common divisor of 21146 and i?
194
Suppose 0 = 14*n - 16*n + 878. Let h = n - 235. Let y = -138 + h. What is the greatest common factor of y and 33?
33
Let a be -10 - -2 - (0 + -3). Let j be (9/15 + -1)*a. Suppose -3*w = -2*s - 0*w + 17, -j*w + 10 = 0. Calculate the greatest common factor of 176 and s.
16
Let v(h) = 4*h**2 + 3. Let x be v(-5). Suppose 4*y = -4*t + 196, 5*t - 3*y - x = 102. What is the greatest common divisor of t and 143?
11
Suppose -4*b + b + 5*z + 366 = 0, 0 = -2*b + 5*z + 254. Calculate the highest common factor of b and 464.
16
Suppose 5*k = -2*u + 47, -k - 4 + 3 = 0. Let f(b) = -4*b**2 + 55*b + 40. Let w be f(14). What is the greatest common divisor of w and u?
26
Suppose 211*q - 4874 = 203*q + 1550. Calculate the greatest common factor of q and 44.
11
Suppose -54*s + 8293 + 7259 = 0. What is the highest common factor of s and 1548?
36
Suppose -24*z + 41*z + 12*z - 41499 = 0. Calculate the greatest common divisor of z and 9.
9
Let o(u) = -3*u**2 + 11*u - 25. Let x(s) = -s**2 + s. Let j(c) = -o(c) + 4*x(c). Let a be j(0). Calculate the highest common factor of a and 25.
25
Let w(n) = 2*n**2 - 5*n + 17. Let p be w(5). Let k = p + -33. Suppose -k*h = -4*h - 35. Calculate the greatest common factor of 49 and h.
7
Let r be 2/5 - 1172/(-20). Let g(k) = 3*k**3 + 37*k**2 - 29*k - 13. Let a be g(-13). Let z = r - a. What is the highest common factor of 22 and z?
11
Let o(d) = -19*d + 348. Let b be o(10). Calculate the greatest common factor of 2 and b.
2
Let s = 15662 + -15658. Calculate the highest common divisor of s and 983.
1
Suppose -5*w + 641 = -649. Let v be ((-4)/6)/((-2)/w). What is the greatest common divisor of v and 473?
43
Let k = -1 + 3. Let f be 42/3 + k + -1. Suppose 0 = -g - 5, -14 = -3*i + 4*g + 15. Calculate the greatest common factor of i and f.
3
Suppose -4*o - 11*i = -13*i - 3688, 4*i = -4*o + 3724. Calculate the highest common factor of 225 and o.
25
Let t be 3/(45/40*8/6). Let y = 53 + t. Suppose 4*n + n = y. What is the highest common divisor of n and 1?
1
Suppose 46*a = 28*a + 360. Suppose a*v - 1721 = 1319. Calculate the greatest common divisor of 24 and v.
8
Let c = 43 - 19. Let x(q) = 24*q - 52*q + 30*q - q**2 + 47. Let w be x(7). What is the highest common factor of c and w?
12
Let h = -5997 + 6345. Calculate the highest common divisor of 2697 and h.
87
Suppose 820 = 5*p + 5*t, 0*t = 5*p + 4*t - 817. Let h = 395 + -412. Let d be (9/4)/((